{"id":449,"date":"2024-06-15T18:18:00","date_gmt":"2024-06-15T18:18:00","guid":{"rendered":"https:\/\/interaktivniaplikace.zcu.cz\/?page_id=449"},"modified":"2024-06-16T15:40:23","modified_gmt":"2024-06-16T15:40:23","slug":"kahoot","status":"publish","type":"page","link":"https:\/\/interaktivniaplikace.zcu.cz\/index.php\/informacni-systemy\/kahoot\/","title":{"rendered":"Kahoot!"},"content":{"rendered":"\t\t<div data-elementor-type=\"wp-page\" data-elementor-id=\"449\" class=\"elementor elementor-449\">\n\t\t\t\t\t\t\t<div class=\"elementor-element elementor-element-182a275 e-flex e-con-boxed e-con e-parent\" data-id=\"182a275\" data-element_type=\"container\" data-settings=\"{&quot;content_width&quot;:&quot;boxed&quot;}\" data-core-v316-plus=\"true\">\n\t\t\t\t\t<div class=\"e-con-inner\">\n\t\t\t\t<div class=\"elementor-element elementor-element-daa99ec elementor-widget elementor-widget-text-editor\" data-id=\"daa99ec\" data-element_type=\"widget\" data-widget_type=\"text-editor.default\">\n\t\t\t\t<div class=\"elementor-widget-container\">\n\t\t\t<style>\/*! elementor - v3.18.0 - 20-12-2023 *\/\n.elementor-widget-text-editor.elementor-drop-cap-view-stacked .elementor-drop-cap{background-color:#69727d;color:#fff}.elementor-widget-text-editor.elementor-drop-cap-view-framed .elementor-drop-cap{color:#69727d;border:3px solid;background-color:transparent}.elementor-widget-text-editor:not(.elementor-drop-cap-view-default) .elementor-drop-cap{margin-top:8px}.elementor-widget-text-editor:not(.elementor-drop-cap-view-default) .elementor-drop-cap-letter{width:1em;height:1em}.elementor-widget-text-editor .elementor-drop-cap{float:left;text-align:center;line-height:1;font-size:50px}.elementor-widget-text-editor .elementor-drop-cap-letter{display:inline-block}<\/style>\t\t\t\t<p><strong>Kahoot!<\/strong> Je interaktivn\u00ed vzd\u011bl\u00e1vac\u00ed aplikace zam\u011b\u0159en\u00e1 na tvorbu a po\u0159\u00e1d\u00e1n\u00ed kv\u00edz\u016f, kter\u00e9 mohou b\u00fdt pou\u017eity ve v\u00fduce k\u00a0testov\u00e1n\u00ed znalosti \u017e\u00e1k\u016f a zpest\u0159en\u00ed v\u00fdukov\u00fdch hodin. \u017d\u00e1ci mohou aplikaci pou\u017e\u00edvat k\u00a0testov\u00e1n\u00ed sami sebe k\u00a0ov\u011b\u0159en\u00ed jejich znalosti z\u00a0dan\u00e9ho t\u00e9matu. Aplikace podporuje sout\u011b\u017en\u00ed atmosf\u00e9ru, co\u017e zvy\u0161uje zapojen\u00ed a aktivitu \u017e\u00e1k\u016f.<\/p><p><strong>Kl\u00ed\u010dov\u00e9 vlastnosti:<\/strong><\/p><ul><li><strong>\u0160ablony:<\/strong> Aplikace nab\u00edz\u00ed snadno vytv\u00e1\u0159et kv\u00edzy s\u00a0r\u016fzn\u00fdmi typy ot\u00e1zek, jako jsou v\u00edcen\u00e1sobn\u00e9 volby, pravda\/le\u017e a dal\u0161\u00ed.<\/li><li><strong>Interaktivita:<\/strong> \u017d\u00e1ci se p\u0159ipoj\u00ed ke kv\u00edzu pomoc\u00ed k\u00f3du a v\u00a0re\u00e1ln\u00e9m \u010dase odpov\u00eddaj\u00ed na ot\u00e1zky za co\u017e dost\u00e1vaj\u00ed body a sout\u011b\u017e\u00ed mezi sebou.<\/li><\/ul><p><strong>Doporu\u010den\u00fd ro\u010dn\u00edk:<\/strong> 5. a\u017e 9. ro\u010dn\u00edk<\/p><p><strong>Platforma:<\/strong> webov\u00fd prohl\u00ed\u017ee\u010d, mobiln\u00ed aplikace pro Android a iOS<\/p><p><strong>Podporovan\u00fd jazyk:<\/strong> angli\u010dtina, n\u011bm\u010dina<\/p><p>Aplikace m\u00e1 bezplatnou zku\u0161ebn\u00ed verzi. Pro vyu\u017eit\u00ed ve\u0161ker\u00fdch funkc\u00ed je pot\u0159eba vybrat jeden z\u00a0placen\u00fdch m\u011bs\u00ed\u010dn\u00edch pl\u00e1n\u016f.<\/p>\t\t\t\t\t\t<\/div>\n\t\t\t\t<\/div>\n\t\t\t\t<div class=\"elementor-element elementor-element-707aed6 elementor-widget elementor-widget-image\" data-id=\"707aed6\" data-element_type=\"widget\" data-widget_type=\"image.default\">\n\t\t\t\t<div class=\"elementor-widget-container\">\n\t\t\t<style>\/*! elementor - v3.18.0 - 20-12-2023 *\/\n.elementor-widget-image{text-align:center}.elementor-widget-image a{display:inline-block}.elementor-widget-image a img[src$=\".svg\"]{width:48px}.elementor-widget-image img{vertical-align:middle;display:inline-block}<\/style>\t\t\t\t\t\t\t\t\t\t\t\t<img fetchpriority=\"high\" decoding=\"async\" width=\"1536\" height=\"782\" src=\"https:\/\/interaktivniaplikace.zcu.cz\/wp-content\/uploads\/2024\/06\/Kahoot-1536x782.png\" class=\"attachment-1536x1536 size-1536x1536 wp-image-477\" alt=\"\" srcset=\"https:\/\/interaktivniaplikace.zcu.cz\/wp-content\/uploads\/2024\/06\/Kahoot-1536x782.png 1536w, https:\/\/interaktivniaplikace.zcu.cz\/wp-content\/uploads\/2024\/06\/Kahoot-300x153.png 300w, https:\/\/interaktivniaplikace.zcu.cz\/wp-content\/uploads\/2024\/06\/Kahoot-1024x521.png 1024w, https:\/\/interaktivniaplikace.zcu.cz\/wp-content\/uploads\/2024\/06\/Kahoot-768x391.png 768w, https:\/\/interaktivniaplikace.zcu.cz\/wp-content\/uploads\/2024\/06\/Kahoot.png 1917w\" sizes=\"(max-width: 1536px) 100vw, 1536px\" \/>\t\t\t\t\t\t\t\t\t\t\t\t\t\t\t<\/div>\n\t\t\t\t<\/div>\n\t\t\t\t<div class=\"elementor-element elementor-element-4f8dbdc elementor-align-center elementor-widget elementor-widget-button\" data-id=\"4f8dbdc\" data-element_type=\"widget\" data-widget_type=\"button.default\">\n\t\t\t\t<div class=\"elementor-widget-container\">\n\t\t\t\t\t<div class=\"elementor-button-wrapper\">\n\t\t\t<a class=\"elementor-button elementor-button-link elementor-size-lg\" href=\"https:\/\/kahoot.com\/\">\n\t\t\t\t\t\t<span class=\"elementor-button-content-wrapper\">\n\t\t\t\t\t\t<span class=\"elementor-button-text\">P\u0159ej\u00edt na web<\/span>\n\t\t<\/span>\n\t\t\t\t\t<\/a>\n\t\t<\/div>\n\t\t\t\t<\/div>\n\t\t\t\t<\/div>\n\t\t\t\t<div class=\"elementor-element elementor-element-ebf687a elementor-widget elementor-widget-spacer\" data-id=\"ebf687a\" data-element_type=\"widget\" data-widget_type=\"spacer.default\">\n\t\t\t\t<div class=\"elementor-widget-container\">\n\t\t\t<style>\/*! elementor - v3.18.0 - 20-12-2023 *\/\n.elementor-column .elementor-spacer-inner{height:var(--spacer-size)}.e-con{--container-widget-width:100%}.e-con-inner>.elementor-widget-spacer,.e-con>.elementor-widget-spacer{width:var(--container-widget-width,var(--spacer-size));--align-self:var(--container-widget-align-self,initial);--flex-shrink:0}.e-con-inner>.elementor-widget-spacer>.elementor-widget-container,.e-con>.elementor-widget-spacer>.elementor-widget-container{height:100%;width:100%}.e-con-inner>.elementor-widget-spacer>.elementor-widget-container>.elementor-spacer,.e-con>.elementor-widget-spacer>.elementor-widget-container>.elementor-spacer{height:100%}.e-con-inner>.elementor-widget-spacer>.elementor-widget-container>.elementor-spacer>.elementor-spacer-inner,.e-con>.elementor-widget-spacer>.elementor-widget-container>.elementor-spacer>.elementor-spacer-inner{height:var(--container-widget-height,var(--spacer-size))}.e-con-inner>.elementor-widget-spacer.elementor-widget-empty,.e-con>.elementor-widget-spacer.elementor-widget-empty{position:relative;min-height:22px;min-width:22px}.e-con-inner>.elementor-widget-spacer.elementor-widget-empty .elementor-widget-empty-icon,.e-con>.elementor-widget-spacer.elementor-widget-empty .elementor-widget-empty-icon{position:absolute;top:0;bottom:0;left:0;right:0;margin:auto;padding:0;width:22px;height:22px}<\/style>\t\t<div class=\"elementor-spacer\">\n\t\t\t<div class=\"elementor-spacer-inner\"><\/div>\n\t\t<\/div>\n\t\t\t\t<\/div>\n\t\t\t\t<\/div>\n\t\t\t\t<div class=\"elementor-element elementor-element-a89db21 elementor-widget elementor-widget-heading\" data-id=\"a89db21\" data-element_type=\"widget\" data-widget_type=\"heading.default\">\n\t\t\t\t<div class=\"elementor-widget-container\">\n\t\t\t<style>\/*! elementor - v3.18.0 - 20-12-2023 *\/\n.elementor-heading-title{padding:0;margin:0;line-height:1}.elementor-widget-heading .elementor-heading-title[class*=elementor-size-]>a{color:inherit;font-size:inherit;line-height:inherit}.elementor-widget-heading .elementor-heading-title.elementor-size-small{font-size:15px}.elementor-widget-heading .elementor-heading-title.elementor-size-medium{font-size:19px}.elementor-widget-heading .elementor-heading-title.elementor-size-large{font-size:29px}.elementor-widget-heading .elementor-heading-title.elementor-size-xl{font-size:39px}.elementor-widget-heading .elementor-heading-title.elementor-size-xxl{font-size:59px}<\/style><h2 class=\"elementor-heading-title elementor-size-xl\">Vyu\u010dovac\u00ed hodina<\/h2>\t\t<\/div>\n\t\t\t\t<\/div>\n\t\t\t\t<div class=\"elementor-element elementor-element-f034fb6 elementor-widget elementor-widget-text-editor\" data-id=\"f034fb6\" data-element_type=\"widget\" data-widget_type=\"text-editor.default\">\n\t\t\t\t<div class=\"elementor-widget-container\">\n\t\t\t\t\t\t\t<p><strong>Ro\u010dn\u00edk: <\/strong>6. t\u0159\u00edda<\/p><p><strong>T\u00e9ma:<\/strong> Vytvo\u0159en\u00ed testu.<\/p><p><strong>\u00dakol:<\/strong> Vytvo\u0159 test s\u00a0alespo\u0148 10 ot\u00e1zkami.<\/p><p><strong>\u017d\u00e1k se nau\u010d\u00ed:<\/strong> rozv\u00edjen\u00ed z\u00e1bavnou formou kreativn\u00ed my\u0161len\u00ed, digit\u00e1ln\u00ed gramotnost, u\u010den\u00ed z\u00e1bavnou formou<\/p>\t\t\t\t\t\t<\/div>\n\t\t\t\t<\/div>\n\t\t\t\t<div class=\"elementor-element elementor-element-06ec8ab elementor-widget elementor-widget-video\" data-id=\"06ec8ab\" data-element_type=\"widget\" data-settings=\"{&quot;youtube_url&quot;:&quot;https:\\\/\\\/youtu.be\\\/TaEq26Sw8oI&quot;,&quot;video_type&quot;:&quot;youtube&quot;,&quot;controls&quot;:&quot;yes&quot;}\" data-widget_type=\"video.default\">\n\t\t\t\t<div class=\"elementor-widget-container\">\n\t\t\t<style>\/*! elementor - v3.18.0 - 20-12-2023 *\/\n.elementor-widget-video .elementor-widget-container{overflow:hidden;transform:translateZ(0)}.elementor-widget-video .elementor-wrapper{aspect-ratio:var(--video-aspect-ratio)}.elementor-widget-video .elementor-wrapper iframe,.elementor-widget-video .elementor-wrapper video{height:100%;width:100%;display:flex;border:none;background-color:#000}@supports not (aspect-ratio:1\/1){.elementor-widget-video .elementor-wrapper{position:relative;overflow:hidden;height:0;padding-bottom:calc(100% \/ var(--video-aspect-ratio))}.elementor-widget-video .elementor-wrapper iframe,.elementor-widget-video .elementor-wrapper video{position:absolute;top:0;right:0;bottom:0;left:0}}.elementor-widget-video .elementor-open-inline .elementor-custom-embed-image-overlay{position:absolute;top:0;right:0;bottom:0;left:0;background-size:cover;background-position:50%}.elementor-widget-video .elementor-custom-embed-image-overlay{cursor:pointer;text-align:center}.elementor-widget-video .elementor-custom-embed-image-overlay:hover .elementor-custom-embed-play i{opacity:1}.elementor-widget-video .elementor-custom-embed-image-overlay img{display:block;width:100%;aspect-ratio:var(--video-aspect-ratio);-o-object-fit:cover;object-fit:cover;-o-object-position:center center;object-position:center center}@supports not (aspect-ratio:1\/1){.elementor-widget-video .elementor-custom-embed-image-overlay{position:relative;overflow:hidden;height:0;padding-bottom:calc(100% \/ var(--video-aspect-ratio))}.elementor-widget-video .elementor-custom-embed-image-overlay img{position:absolute;top:0;right:0;bottom:0;left:0}}.elementor-widget-video .e-hosted-video .elementor-video{-o-object-fit:cover;object-fit:cover}.e-con-inner>.elementor-widget-video,.e-con>.elementor-widget-video{width:var(--container-widget-width);--flex-grow:var(--container-widget-flex-grow)}<\/style>\t\t<div class=\"elementor-wrapper elementor-open-inline\">\n\t\t\t<div class=\"elementor-video\"><\/div>\t\t<\/div>\n\t\t\t\t<\/div>\n\t\t\t\t<\/div>\n\t\t\t\t\t<\/div>\n\t\t\t\t<\/div>\n\t\t\t\t\t\t\t<\/div>\n\t\t","protected":false},"excerpt":{"rendered":"<p>Kahoot! Je interaktivn\u00ed vzd\u011bl\u00e1vac\u00ed aplikace zam\u011b\u0159en\u00e1 na tvorbu a po\u0159\u00e1d\u00e1n\u00ed kv\u00edz\u016f, kter\u00e9 mohou b\u00fdt pou\u017eity ve v\u00fduce k\u00a0testov\u00e1n\u00ed znalosti \u017e\u00e1k\u016f a zpest\u0159en\u00ed v\u00fdukov\u00fdch hodin. \u017d\u00e1ci [&hellip;]<\/p>\n","protected":false},"author":2,"featured_media":0,"parent":110,"menu_order":0,"comment_status":"closed","ping_status":"closed","template":"","meta":[],"_links":{"self":[{"href":"https:\/\/interaktivniaplikace.zcu.cz\/index.php\/wp-json\/wp\/v2\/pages\/449"}],"collection":[{"href":"https:\/\/interaktivniaplikace.zcu.cz\/index.php\/wp-json\/wp\/v2\/pages"}],"about":[{"href":"https:\/\/interaktivniaplikace.zcu.cz\/index.php\/wp-json\/wp\/v2\/types\/page"}],"author":[{"embeddable":true,"href":"https:\/\/interaktivniaplikace.zcu.cz\/index.php\/wp-json\/wp\/v2\/users\/2"}],"replies":[{"embeddable":true,"href":"https:\/\/interaktivniaplikace.zcu.cz\/index.php\/wp-json\/wp\/v2\/comments?post=449"}],"version-history":[{"count":10,"href":"https:\/\/interaktivniaplikace.zcu.cz\/index.php\/wp-json\/wp\/v2\/pages\/449\/revisions"}],"predecessor-version":[{"id":588,"href":"https:\/\/interaktivniaplikace.zcu.cz\/index.php\/wp-json\/wp\/v2\/pages\/449\/revisions\/588"}],"up":[{"embeddable":true,"href":"https:\/\/interaktivniaplikace.zcu.cz\/index.php\/wp-json\/wp\/v2\/pages\/110"}],"wp:attachment":[{"href":"https:\/\/interaktivniaplikace.zcu.cz\/index.php\/wp-json\/wp\/v2\/media?parent=449"}],"curies":[{"name":"wp","href":"https:\/\/api.w.org\/{rel}","templated":true}]}}